{"id":60,"date":"2023-10-25T13:24:32","date_gmt":"2023-10-25T11:24:32","guid":{"rendered":"http:\/\/villa.multi.local\/?page_id=60"},"modified":"2025-03-06T12:55:16","modified_gmt":"2025-03-06T11:55:16","slug":"contact","status":"publish","type":"page","link":"https:\/\/champagne-adcoutelas.com\/gites\/contact\/","title":{"rendered":"Contact"},"content":{"rendered":"","protected":false},"excerpt":{"rendered":"","protected":false},"author":1,"featured_media":0,"parent":0,"menu_order":0,"comment_status":"closed","ping_status":"closed","template":"","meta":{"inline_featured_image":false,"footnotes":""},"class_list":["post-60","page","type-page","status-publish","hentry"],"acf":[],"yoast_head":"<!-- This site is optimized with the Yoast SEO plugin v25.2 - https:\/\/yoast.com\/wordpress\/plugins\/seo\/ -->\n<title>Contact - G\u00eete AD Coutelas<\/title>\n<meta name=\"description\" content=\"N\u2019h\u00e9sitez pas \u00e0 contacter l&#039;\u00e9quipe de la Villa Louis Victor. Nous vous r\u00e9pondrons dans les plus brefs d\u00e9lais.\" \/>\n<meta name=\"robots\" content=\"index, follow, max-snippet:-1, max-image-preview:large, max-video-preview:-1\" \/>\n<link rel=\"canonical\" href=\"https:\/\/champagne-adcoutelas.com\/gites\/contact\/\" \/>\n<meta property=\"og:locale\" content=\"fr_FR\" \/>\n<meta property=\"og:type\" content=\"article\" \/>\n<meta property=\"og:title\" content=\"Contact - G\u00eete AD Coutelas\" \/>\n<meta property=\"og:description\" content=\"N\u2019h\u00e9sitez pas \u00e0 contacter l&#039;\u00e9quipe de la Villa Louis Victor. Nous vous r\u00e9pondrons dans les plus brefs d\u00e9lais.\" \/>\n<meta property=\"og:url\" content=\"https:\/\/champagne-adcoutelas.com\/gites\/contact\/\" \/>\n<meta property=\"og:site_name\" content=\"G\u00eete AD Coutelas\" \/>\n<meta property=\"article:publisher\" content=\"https:\/\/www.facebook.com\/champagneadcoutelas\" \/>\n<meta property=\"article:modified_time\" content=\"2025-03-06T11:55:16+00:00\" \/>\n<meta name=\"twitter:card\" content=\"summary_large_image\" \/>\n<script type=\"application\/ld+json\" class=\"yoast-schema-graph\">{\"@context\":\"https:\/\/schema.org\",\"@graph\":[{\"@type\":\"WebPage\",\"@id\":\"https:\/\/champagne-adcoutelas.com\/gites\/contact\/\",\"url\":\"https:\/\/champagne-adcoutelas.com\/gites\/contact\/\",\"name\":\"Contact - G\u00eete AD Coutelas\",\"isPartOf\":{\"@id\":\"https:\/\/champagne-adcoutelas.com\/gites\/#website\"},\"datePublished\":\"2023-10-25T11:24:32+00:00\",\"dateModified\":\"2025-03-06T11:55:16+00:00\",\"description\":\"N\u2019h\u00e9sitez pas \u00e0 contacter l'\u00e9quipe de la Villa Louis Victor. Nous vous r\u00e9pondrons dans les plus brefs d\u00e9lais.\",\"breadcrumb\":{\"@id\":\"https:\/\/champagne-adcoutelas.com\/gites\/contact\/#breadcrumb\"},\"inLanguage\":\"fr-FR\",\"potentialAction\":[{\"@type\":\"ReadAction\",\"target\":[\"https:\/\/champagne-adcoutelas.com\/gites\/contact\/\"]}]},{\"@type\":\"BreadcrumbList\",\"@id\":\"https:\/\/champagne-adcoutelas.com\/gites\/contact\/#breadcrumb\",\"itemListElement\":[{\"@type\":\"ListItem\",\"position\":1,\"name\":\"Accueil\",\"item\":\"https:\/\/champagne-adcoutelas.com\/gites\/\"},{\"@type\":\"ListItem\",\"position\":2,\"name\":\"Contact\"}]},{\"@type\":\"WebSite\",\"@id\":\"https:\/\/champagne-adcoutelas.com\/gites\/#website\",\"url\":\"https:\/\/champagne-adcoutelas.com\/gites\/\",\"name\":\"Villa Louis Victor\",\"description\":\"Une sensation de bonheur\",\"publisher\":{\"@id\":\"https:\/\/champagne-adcoutelas.com\/gites\/#organization\"},\"potentialAction\":[{\"@type\":\"SearchAction\",\"target\":{\"@type\":\"EntryPoint\",\"urlTemplate\":\"https:\/\/champagne-adcoutelas.com\/gites\/?s={search_term_string}\"},\"query-input\":{\"@type\":\"PropertyValueSpecification\",\"valueRequired\":true,\"valueName\":\"search_term_string\"}}],\"inLanguage\":\"fr-FR\"},{\"@type\":\"Organization\",\"@id\":\"https:\/\/champagne-adcoutelas.com\/gites\/#organization\",\"name\":\"Villa Louis Victor\",\"url\":\"https:\/\/champagne-adcoutelas.com\/gites\/\",\"logo\":{\"@type\":\"ImageObject\",\"inLanguage\":\"fr-FR\",\"@id\":\"https:\/\/champagne-adcoutelas.com\/gites\/#\/schema\/logo\/image\/\",\"url\":\"https:\/\/champagne-adcoutelas.com\/gites\/wp-content\/uploads\/sites\/3\/2025\/03\/logo-blanc.png\",\"contentUrl\":\"https:\/\/champagne-adcoutelas.com\/gites\/wp-content\/uploads\/sites\/3\/2025\/03\/logo-blanc.png\",\"width\":200,\"height\":200,\"caption\":\"Villa Louis Victor\"},\"image\":{\"@id\":\"https:\/\/champagne-adcoutelas.com\/gites\/#\/schema\/logo\/image\/\"},\"sameAs\":[\"https:\/\/www.facebook.com\/champagneadcoutelas\",\"https:\/\/www.instagram.com\/villalouisvictor\/\"]}]}<\/script>\n<!-- \/ Yoast SEO plugin. -->","yoast_head_json":{"title":"Contact - G\u00eete AD Coutelas","description":"N\u2019h\u00e9sitez pas \u00e0 contacter l'\u00e9quipe de la Villa Louis Victor. Nous vous r\u00e9pondrons dans les plus brefs d\u00e9lais.","robots":{"index":"index","follow":"follow","max-snippet":"max-snippet:-1","max-image-preview":"max-image-preview:large","max-video-preview":"max-video-preview:-1"},"canonical":"https:\/\/champagne-adcoutelas.com\/gites\/contact\/","og_locale":"fr_FR","og_type":"article","og_title":"Contact - G\u00eete AD Coutelas","og_description":"N\u2019h\u00e9sitez pas \u00e0 contacter l'\u00e9quipe de la Villa Louis Victor. Nous vous r\u00e9pondrons dans les plus brefs d\u00e9lais.","og_url":"https:\/\/champagne-adcoutelas.com\/gites\/contact\/","og_site_name":"G\u00eete AD Coutelas","article_publisher":"https:\/\/www.facebook.com\/champagneadcoutelas","article_modified_time":"2025-03-06T11:55:16+00:00","twitter_card":"summary_large_image","schema":{"@context":"https:\/\/schema.org","@graph":[{"@type":"WebPage","@id":"https:\/\/champagne-adcoutelas.com\/gites\/contact\/","url":"https:\/\/champagne-adcoutelas.com\/gites\/contact\/","name":"Contact - G\u00eete AD Coutelas","isPartOf":{"@id":"https:\/\/champagne-adcoutelas.com\/gites\/#website"},"datePublished":"2023-10-25T11:24:32+00:00","dateModified":"2025-03-06T11:55:16+00:00","description":"N\u2019h\u00e9sitez pas \u00e0 contacter l'\u00e9quipe de la Villa Louis Victor. Nous vous r\u00e9pondrons dans les plus brefs d\u00e9lais.","breadcrumb":{"@id":"https:\/\/champagne-adcoutelas.com\/gites\/contact\/#breadcrumb"},"inLanguage":"fr-FR","potentialAction":[{"@type":"ReadAction","target":["https:\/\/champagne-adcoutelas.com\/gites\/contact\/"]}]},{"@type":"BreadcrumbList","@id":"https:\/\/champagne-adcoutelas.com\/gites\/contact\/#breadcrumb","itemListElement":[{"@type":"ListItem","position":1,"name":"Accueil","item":"https:\/\/champagne-adcoutelas.com\/gites\/"},{"@type":"ListItem","position":2,"name":"Contact"}]},{"@type":"WebSite","@id":"https:\/\/champagne-adcoutelas.com\/gites\/#website","url":"https:\/\/champagne-adcoutelas.com\/gites\/","name":"Villa Louis Victor","description":"Une sensation de bonheur","publisher":{"@id":"https:\/\/champagne-adcoutelas.com\/gites\/#organization"},"potentialAction":[{"@type":"SearchAction","target":{"@type":"EntryPoint","urlTemplate":"https:\/\/champagne-adcoutelas.com\/gites\/?s={search_term_string}"},"query-input":{"@type":"PropertyValueSpecification","valueRequired":true,"valueName":"search_term_string"}}],"inLanguage":"fr-FR"},{"@type":"Organization","@id":"https:\/\/champagne-adcoutelas.com\/gites\/#organization","name":"Villa Louis Victor","url":"https:\/\/champagne-adcoutelas.com\/gites\/","logo":{"@type":"ImageObject","inLanguage":"fr-FR","@id":"https:\/\/champagne-adcoutelas.com\/gites\/#\/schema\/logo\/image\/","url":"https:\/\/champagne-adcoutelas.com\/gites\/wp-content\/uploads\/sites\/3\/2025\/03\/logo-blanc.png","contentUrl":"https:\/\/champagne-adcoutelas.com\/gites\/wp-content\/uploads\/sites\/3\/2025\/03\/logo-blanc.png","width":200,"height":200,"caption":"Villa Louis Victor"},"image":{"@id":"https:\/\/champagne-adcoutelas.com\/gites\/#\/schema\/logo\/image\/"},"sameAs":["https:\/\/www.facebook.com\/champagneadcoutelas","https:\/\/www.instagram.com\/villalouisvictor\/"]}]}},"_links":{"self":[{"href":"https:\/\/champagne-adcoutelas.com\/gites\/wp-json\/wp\/v2\/pages\/60","targetHints":{"allow":["GET"]}}],"collection":[{"href":"https:\/\/champagne-adcoutelas.com\/gites\/wp-json\/wp\/v2\/pages"}],"about":[{"href":"https:\/\/champagne-adcoutelas.com\/gites\/wp-json\/wp\/v2\/types\/page"}],"author":[{"embeddable":true,"href":"https:\/\/champagne-adcoutelas.com\/gites\/wp-json\/wp\/v2\/users\/1"}],"replies":[{"embeddable":true,"href":"https:\/\/champagne-adcoutelas.com\/gites\/wp-json\/wp\/v2\/comments?post=60"}],"version-history":[{"count":6,"href":"https:\/\/champagne-adcoutelas.com\/gites\/wp-json\/wp\/v2\/pages\/60\/revisions"}],"predecessor-version":[{"id":1213,"href":"https:\/\/champagne-adcoutelas.com\/gites\/wp-json\/wp\/v2\/pages\/60\/revisions\/1213"}],"wp:attachment":[{"href":"https:\/\/champagne-adcoutelas.com\/gites\/wp-json\/wp\/v2\/media?parent=60"}],"curies":[{"name":"wp","href":"https:\/\/api.w.org\/{rel}","templated":true}]}}